2. Let z be d(2). Let n = z - -2. Suppose n = -3*s + 8*s - 60. List the prime factors of s.
2, 3
Let s(n) be the third derivative of n**4/24 + 4*n**3/3 - n**2. Let l be s(-6). Suppose 3*y = -l*y + 35. What are the prime factors of y?
7
Let m = 115 - 66. What are the prime factors of m?
7
Suppose -q + 105 = -2*j - 2*j, 4*q + 12 = 0. List the prime factors of ((-15)/9)/(3/j).
3, 5
Suppose -2*n - 3*n = -4*o - 190, 0 = 2*n - o - 73. What are the prime factors of n?
2, 17
Suppose 0 = 5*k - k - 12. Suppose k*f + 5*j = -2*f - 135, 4*j + 131 = -5*f. Let v = 34 + f. List the prime factors of v.
11
Let k be -8*15/18*-3. Suppose w - k = 19. What are the prime factors of w?
3, 13
Suppose 2*k = -3*x + 308, -4*k - 4*x + 495 = -117. What are the prime factors of k?
151
Suppose 5*g = -4*o + 40, 2*g + 2*o + 1 - 19 = 0. Suppose 0 = g*s - 143 + 35. What are the prime factors of s?
3
Let g = 26 + 3. What are the prime factors of g?
29
Let i(b) = -7*b**3 - b**2 - 5*b - 5. What are the prime factors of i(-2)?
3, 19
Let z(d) = 2*d**3 - 3*d**3 + 11 + 2 + d. Let g be z(0). Let n = 21 - g. List the prime factors of n.
2
Suppose 267 - 57 = 3*l. What are the prime factors of l?
2, 5, 7
Let k = -49 - -114. List the prime factors of k.
5, 13
Suppose -56 = -5*i - 4*u, i + 12 = 2*u + 3*u. Let g(t) = -t**3 + 7*t**2 + 11*t - 11. What are the prime factors of g(i)?
13
Suppose 4*p + 26 = 6. Let o = p - -12. What are the prime factors of o?
7
Suppose 0 = -8*p + 28 + 12. What are the prime factors of p?
5
Let b be ((-6)/(-4))/(2/(-4)). Let w = b - -5. Suppose 0 = -w*u + 5 - 1. List the prime factors of u.
2
Let c(g) = -8*g. Let b be c(-3). Suppose b = 4*v - 2*v. What are the prime factors of v?
2, 3
Let y be (0 + -1)/((-5)/15). Let c(m) = m**3 + 0*m**y - 8*m**3 + 1 + 2*m**2 + 2*m. What are the prime factors of c(-1)?
2
Suppose -192 = 5*t - 7*t. List the prime factors of t.
2, 3
Suppose -8*u + 1348 = -4*u + b, -5*u + b + 1676 = 0. What are the prime factors of u?
2, 3, 7
Let h(r) be the first derivative of -r**4/2 - 5*r**3/3 - 3*r**2/2 - r + 5. What are the prime factors of h(-3)?
17
Suppose 3*t = w - 3, 4*t + 17 = -3*w - 0*w. What are the prime factors of ((-31)/(-3))/((-1)/w)?
31
Let v(r) = 8*r**2 + 13*r + 3. List the prime factors of v(-5).
2, 3, 23
Let g be (-3)/(-6) + 6/4. Let l(y) = -y + 2. Let m be l(g). What are the prime factors of m + -1 - 11*-1?
2, 5
Suppose -4*g + 8*g = 32. Suppose 3*b + g = -10. Let k = 5 - b. What are the prime factors of k?
11
Let v = 19 + -29. Let q be (-6)/v - 1235/(-25). Suppose -4*m = m - q. List the prime factors of m.
2, 5
Let x = 41 - 28. Let l(p) = 2*p - 17. What are the prime factors of l(x)?
3
Suppose -96 = -5*f + 1014. List the prime factors of f.
2, 3, 37
Let x = 34 - 20. List the prime factors of x.
2, 7
Let b(x) = 4*x**2 + x - 3. Suppose w = -3*a - 9, 2*a + 2*w + 6 = -4. Let q(d) = d**2 - 1. Let s(m) = a*b(m) + 9*q(m). What are the prime factors of s(5)?
2, 3
Let d(u) = 12*u + 5. List the prime factors of d(3).
41
Suppose 3*t + 740 = 7*t. Suppose -5*d - 5*f = -t, -5*d + 3*f + 2*f = -165. List the prime factors of d.
5, 7
Let a(c) = -c**3 + 0*c**3 - 3*c**2 + 4*c - 2 - 2*c**2. Suppose 3*o = -2*o - 10, -2*w - 4 = -4*o. What are the prime factors of a(w)?
2, 5
Suppose 127 = 2*j - 4*y - 107, 5*j - y = 567. List the prime factors of j.
113
Let t = -3 + 18. Let r = t - 1. What are the prime factors of r?
2, 7
Suppose -3*d = -4*d + 37. What are the prime factors of d?
37
Suppose -792 = -a - 8*a. What are the prime factors of a?
2, 11
Let s = -12 + 45. What are the prime factors of s?
3, 11
Let u be 1 + -4 - (-1 - 10). List the prime factors of 10/1*12/u.
3, 5
Suppose 5*n = -5*p + 110, -3*p - 2*p + 3*n + 94 = 0. Suppose -54 = -5*m - c, 5*c = 3*m + m - p. Suppose -3*j + m = -53. What are the prime factors of j?
3, 7
List the prime factors of ((-30)/25)/((-4)/130).
3, 13
Let w(p) = -p**2 - 6*p. Let l(o) = o**2 + 4*o - 8. Let v be l(-6). Suppose 2*b + 0*z = z - 8, -v*b = 4*z + 4. List the prime factors of w(b).
3
Suppose 5*o = 3*f + 213, -4*o + 3*f + 58 + 113 = 0. Suppose 2*j + o = 3*w + 3*j, 4*j = -3*w + 51. List the prime factors of 2/(-4)*6 + w.
2, 5
Let p = 28 + -26. List the prime factors of -3 + 19 - (-8)/p.
2, 5
Suppose 1 = 5*k - h + 10, 5*k - 7 = -3*h. Suppose 0*d + 12 = -2*d + x, 4*d + 40 = -2*x. Let l = k - d. List the prime factors of l.
7
Suppose -3*g + 4*y = -0 - 9, -6 = -2*g - 5*y. Suppose -g*c = -9 - 33. List the prime factors of c.
2, 7
Let h = -2 - 1. Let g be 2 - (-3)/(h/2). Suppose g*f = f - 14. What are the prime factors of f?
2, 7
Suppose 15 = -b - 3*d, -2*b - 27 = 4*d + d. List the prime factors of ((-3)/b)/(3/90).
3, 5
Suppose -5*n - 37 = -4*o, 0 = -4*o - n - 2*n - 3. Let c = 25 - o. Suppose -x = a - 9 - 2, 0 = 2*a - x - c. List the prime factors of a.
11
Let j(h) = -2*h**2 - 4. Let m be j(3). Let d = m - -37. Let f = d - 6. What are the prime factors of f?
3
List the prime factors of (-24)/(-60) + 28/5.
2, 3
Let u be 23/7 - (-2)/(-7). Suppose 4*i = u + 13. Suppose -i*b = -13 - 23. What are the prime factors of b?
3
Suppose -2*v + 44 = 4*z, 2*z - 3*v - 2 = v. Suppose 1 - z = -4*m. Suppose -d - 14 = -m*d. List the prime factors of d.
2, 7
What are the prime factors of (-24)/(-9) + 14/(-21)?
2
Let z(w) = w**2 + 4. What are the prime factors of z(4)?
2, 5
Suppose 10*t - 496 = 2*t. What are the prime factors of t?
2, 31
Let r = 11 - 20. Let w(z) = -13*z**2 + 49*z - 15. Let x(a) = 3*a**2 - 12*a + 4. Let f(g) = r*x(g) - 2*w(g). What are the prime factors of f(9)?
3
Let l be ((-9)/(-4))/((-3)/(-40)). Let c be l/4*18/5. Let v = -5 + c. List the prime factors of v.
2, 11
Let f be ((-6)/4)/((-4)/8). Suppose -3*w + 3 = -f. Suppose -w*a - a = -18. List the prime factors of a.
2, 3
Suppose p = -4*b + 58, 2*p + 3*b - 174 = -p. What are the prime factors of p?
2, 29
Suppose 0 = n + 3*n + 5*k + 24, n - k = 3. What are the prime factors of (-1)/(n - 2/(-3))?
3
Let y(d) = -d**3 + 3*d**2 + 2*d + 2. Let q be y(4). Let m(v) = -v - 7. Let z be m(q). List the prime factors of (4 + -5)/(z/10).
2, 5
Let j(d) = d**3 + 7*d**2 + 6*d - 3. Let l be j(-6). Let o be (-3 + 1)/(-2) - l. Suppose 5*p = -o*v + v + 70, 0 = -v + 5. What are the prime factors of p?
11
Suppose 2*a = -4*d + 382, 2*d + 2*a = 5*a + 179. List the prime factors of d.
2, 47
Let r = 1 + -2. Let d = r + 3. List the prime factors of d.
2
Let n be ((-50)/1)/(2 - 1). Let v = n - -91. What are the prime factors of v?
41
Let l(f) be the first derivative of -f**3/3 - f**2 - f + 1. Let q(z) be the first derivative of l(z). List the prime factors of q(-6).
2, 5
Suppose -84 = n - 4*n. Let u = n - 19. What are the prime factors of u?
3
Let f = 140 - 101. What are the prime factors of f?
3, 13
Suppose -f + 71 = b + 2*b, -5*b + 135 = 5*f. What are the prime factors of b?
2, 11
List the prime factors of 47 + 3*(-4)/12.
2, 23
Suppose -5*p + 1 + 24 = 0. Suppose 0 = -2*l + 2*o - 2, -p*l - o - 7 = -10*l. Suppose l*m = 4*m - 22. What are the prime factors of m?
11
Let t = 4 + 8. What are the prime factors of 4/(0 - (-1)/t)?
2, 3
Let w = -8 + -4. Let q = 23 + w. What are the prime factors of q?
11
Let i(f) be the second derivative of f**3/6 + 7*f**2 - 3*f. What are the prime factors of i(-10)?
2
Suppose 2*u - 10 = -5*p, 4*u - 5*u = 0. Suppose -3*t - 41 = -5*l - 0*t, -p*t = -2*l + 18. Let r(j) = j**2 - 8*j + 9. List the prime factors of r(l).
2
Let b = 17 + -11. What are the prime factors of 28/b*6/4?
7
Let m be ((-8)/10)/(10/(-25)). Let x be -6*(m + (-19)/2). Suppose 3*n = -2*n + 5*z + x, 3*n - 4*z = 30. List the prime factors of n.
2, 3
Let v be (9/12 + 0)*96. List the prime factors of (-5)/25 - v/(-10).
7
What are the prime factors of 2/16*4*6?
3
Suppose 4*g - 5*d - 191 = 0, -d = -3*g - 3*d + 149. What are the prime factors of g?
7
Let y(r) = -r**3 + 10*r**2 - 3*r + 8. List the prime factors of y(9).
2, 31
Let s = 170 + -120. Suppose 2*i - s = -0*i. What are the prime factors of i?
5
Suppose -a + 2*a = 5*o - 19, 2*o - 4 = 4*a. Let g be (-6)/(-1) - (-2 - -4). What are the prime factors of (1 + a)*g/2?
2
Suppose -2*z = -n - 38, -38 = -2*z + 2*n - 3*n. Suppose -p = z - 58. What are the prime factors of p?
3, 13
Let v be (-3)/(-9) + (-21)/9. What are the prime factors of (-372)/(-48) + v/(-8)?
2
Suppose 0 